
27
What is the highest common factor of 45 and 198?
9
What is the highest common factor of 9 and 7236?
9
Calculate the highest common factor of 14 and 2632.
14
Calculate the highest common factor of 27 and 16875.
27
Calculate the greatest common factor of 222 and 1258.
74
What is the highest common divisor of 2268 and 336?
84
Calculate the highest common divisor of 1178 and 1085.
31
What is the greatest common divisor of 22 and 583?
11
Calculate the greatest common factor of 94 and 12126.
94
What is the highest common divisor of 4 and 324?
4
What is the greatest common divisor of 38 and 323?
19
What is the greatest common divisor of 40 and 130?
10
Calculate the highest common divisor of 22 and 176.
22
What is the greatest common divisor of 56 and 3388?
28
Calculate the greatest common factor of 6 and 270.
6
What is the highest common factor of 15828 and 12?
12
What is the highest common factor of 6 and 438?
6
Calculate the greatest common factor of 130 and 78.
26
What is the greatest common factor of 16 and 1156?
4
Calculate the highest common factor of 258 and 731.
43
Calculate the highest common divisor of 395 and 5.
5
What is the greatest common divisor of 1081 and 23?
23
What is the highest common divisor of 39 and 208?
13
What is the highest common factor of 6 and 156?
6
Calculate the highest common divisor of 48 and 13248.
48
Calculate the greatest common divisor of 191 and 764.
191
Calculate the greatest common divisor of 1316 and 2303.
329
What is the highest common factor of 1133 and 515?
103
Calculate the greatest common divisor of 25 and 5.
5
Calculate the greatest common factor of 96 and 672.
96
What is the highest common divisor of 21 and 10563?
21
What is the greatest common divisor of 784 and 728?
56
Calculate the greatest common factor of 11 and 2.
1
What is the greatest common factor of 8769 and 222?
111
Calculate the greatest common factor of 408 and 51.
51
What is the greatest common factor of 350 and 280?
70
What is the greatest common factor of 144 and 468?
36
Calculate the highest common factor of 86 and 989.
43
Calculate the highest common factor of 48 and 1956.
12
Calculate the greatest common factor of 14 and 294.
14
Calculate the highest common divisor of 2025 and 81.
81
What is the greatest common divisor of 640 and 100?
20
What is the greatest common divisor of 16 and 332?
4
Calculate the greatest common divisor of 24 and 10728.
24
What is the highest common factor of 172 and 84?
4
What is the highest common factor of 37 and 629?
37
Calculate the greatest common divisor of 240 and 45.
15
What is the greatest common factor of 2938 and 26?
26
What is the greatest common factor of 66 and 33?
33
Calculate the greatest common factor of 20120 and 40.
40
Calculate the greatest common factor of 126 and 1554.
42
Calculate the highest common divisor of 188 and 7614.
94
Calculate the greatest common factor of 196 and 20.
4
Calculate the greatest common divisor of 30 and 810.
30
What is the highest common factor of 459 and 272?
17
Calculate the greatest common factor of 18 and 171.
9
What is the highest common divisor of 13428 and 36?
36
Calculate the highest common factor of 30 and 100.
10
Calculate the highest common factor of 3050 and 280.
10
What is the highest common factor of 144 and 13856?
16
What is the greatest common divisor of 156 and 19500?
156
Calculate the highest common divisor of 11 and 187.
11
Calculate the highest common factor of 812 and 2088.
116
Calculate the highest common factor of 7 and 28.
7
What is the highest common divisor of 493 and 34?
17
Calculate the highest common factor of 174 and 14442.
174
What is the greatest common factor of 4521 and 33?
33
Calculate the highest common divisor of 275 and 175.
25
What is the highest common divisor of 4 and 43?
1
Calculate the greatest common factor of 464 and 29.
29
What is the highest common divisor of 108 and 1572?
12
What is the greatest common factor of 15 and 10?
5
What is the greatest common factor of 5 and 1655?
5
Calculate the highest common divisor of 3537 and 81.
27
Calculate the highest common factor of 45 and 2799.
9
What is the highest common divisor of 176 and 55?
11
Calculate the highest common divisor of 25 and 23525.
25
What is the highest common factor of 1 and 53?
1
Calculate the highest common divisor of 72 and 2232.
72
What is the highest common divisor of 200 and 320?
40
What is the highest common factor of 82 and 287?
41
Calculate the highest common divisor of 4950 and 110.
110
What is the greatest common factor of 84 and 96?
12
What is the greatest common factor of 12 and 1076?
4
Calculate the highest common factor of 42 and 222.
6
Calculate the highest common factor of 232 and 58.
58
What is the greatest common factor of 4 and 34?
2
What is the highest common factor of 18 and 66?
6
Calculate the greatest common factor of 2162 and 752.
94
Calculate the highest common divisor of 3060 and 153.
153
What is the greatest common factor of 35 and 18795?
35
What is the greatest common factor of 1136 and 16?
16
Calculate the greatest common divisor of 2736 and 144.
144
Calculate the greatest common factor of 48 and 108.
12
What is the greatest common divisor of 2844 and 6?
6
What is the greatest common divisor of 37 and 9509?
37
What is the greatest common factor of 2100 and 210?
210
What is the highest common divisor of 4401 and 326?
163
Calculate the highest common divisor of 3197 and 23.
23
What is the greatest common factor of 15 and 20?
5
What is the highest common divisor of 230 and 184?
46
Calculate the highest common divisor of 546 and 78.
78
Calculate the greatest common divisor of 42 and 1302.
42
What is the highest common factor of 18 and 5340?
6
What is the highest common factor of 102 and 510?
102
What is the highest common factor of 12 and 2148?
12
Calculate the greatest common divisor of 39967 and 17.
17
Calculate the greatest common divisor of 47 and 27871.
47
What is the highest common divisor of 1953 and 14?
7
Calculate the highest common divisor of 7119 and 452.
113
What is the highest common factor of 147 and 6?
3
What is the highest common factor of 182 and 10283?
91
What is the greatest common divisor of 3791 and 51?
17
Calculate the highest common divisor of 12 and 20100.
12
Calculate the greatest common factor of 1375 and 3375.
125
What is the greatest common divisor of 225 and 2100?
75
Calculate the highest common divisor of 39 and 429.
39
Calculate the greatest common factor of 126 and 9604.
14
Calculate the greatest common factor of 246 and 3.
3
What is the highest common factor of 2133 and 27?
27
Calculate the highest common divisor of 550 and 250.
50
Calculate the highest common divisor of 38 and 931.
19
Calculate the highest common factor of 400 and 50.
50
Calculate the highest common factor of 14410 and 22.
22
What is the greatest common factor of 36 and 99?
9
What is the highest common divisor of 44624 and 16?
16
What is the greatest common divisor of 13 and 5759?
13
What is the highest common factor of 105 and 11865?
105
Calculate the highest common factor of 256 and 11136.
128
What is the greatest common factor of 160 and 40?
40
Calculate the highest common factor of 12 and 27792.
12
Calculate the greatest common factor of 3 and 375.
3
Calculate the greatest common divisor of 14 and 7.
7
Calculate the highest common divisor of 38 and 146.
2
What is the greatest common factor of 3828 and 44?
44
Calculate the highest common factor of 30 and 114.
6
Calculate the highest common factor of 10 and 490.
10
What is the greatest common factor of 646 and 306?
34
Calculate the highest common factor of 89 and 2225.
89
Calculate the highest common divisor of 144 and 81.
9
What is the highest common factor of 3 and 64?
1
What is the highest common factor of 13 and 5?
1
What is the highest common divisor of 620 and 1705?
155
What is the greatest common divisor of 9 and 35577?
9
What is the highest common divisor of 9 and 111?
3
What is the greatest common factor of 234 and 624?
78
What is the greatest common factor of 265 and 636?
53
What is the highest common factor of 3422 and 174?
58
What is the greatest common divisor of 4518 and 9?
9
Calculate the greatest common factor of 363 and 1551.
33
What is the highest commo